remainder when 91 is divided by 5.
1
What is the remainder when 112 is divided by 35?
7
What is the remainder when 381 is divided by 32?
29
What is the remainder when 3002 is divided by 166?
14
Calculate the remainder when 111 is divided by 111.
0
What is the remainder when 383 is divided by 99?
86
What is the remainder when 5048 is divided by 101?
99
Calculate the remainder when 3224 is divided by 129.
128
Calculate the remainder when 2260 is divided by 35.
20
Calculate the remainder when 16462 is divided by 101.
100
What is the remainder when 659 is divided by 35?
29
Calculate the remainder when 110 is divided by 16.
14
Calculate the remainder when 13 is divided by 8.
5
What is the remainder when 107 is divided by 98?
9
Calculate the remainder when 254 is divided by 20.
14
What is the remainder when 1030 is divided by 454?
122
Calculate the remainder when 5235 is divided by 1745.
0
What is the remainder when 579 is divided by 8?
3
Calculate the remainder when 4101 is divided by 585.
6
Calculate the remainder when 616 is divided by 29.
7
Calculate the remainder when 275 is divided by 70.
65
Calculate the remainder when 1519 is divided by 25.
19
Calculate the remainder when 613 is divided by 62.
55
What is the remainder when 296 is divided by 273?
23
Calculate the remainder when 635 is divided by 97.
53
What is the remainder when 198 is divided by 50?
48
Calculate the remainder when 834 is divided by 71.
53
Calculate the remainder when 2600 is divided by 139.
98
Calculate the remainder when 101 is divided by 42.
17
Calculate the remainder when 686 is divided by 8.
6
Calculate the remainder when 258 is divided by 68.
54
What is the remainder when 2965 is divided by 149?
134
What is the remainder when 7126 is divided by 46?
42
What is the remainder when 196 is divided by 43?
24
Calculate the remainder when 743 is divided by 31.
30
Calculate the remainder when 12299 is divided by 50.
49
Calculate the remainder when 273 is divided by 4.
1
What is the remainder when 4768 is divided by 18?
16
Calculate the remainder when 139 is divided by 35.
34
Calculate the remainder when 619 is divided by 127.
111
What is the remainder when 41 is divided by 21?
20
What is the remainder when 1401 is divided by 74?
69
What is the remainder when 419 is divided by 14?
13
Calculate the remainder when 471 is divided by 60.
51
What is the remainder when 2952 is divided by 42?
12
Calculate the remainder when 507 is divided by 106.
83
Calculate the remainder when 5314 is divided by 443.
441
Calculate the remainder when 5125 is divided by 27.
22
What is the remainder when 105 is divided by 96?
9
What is the remainder when 33 is divided by 20?
13
What is the remainder when 4710 is divided by 8?
6
What is the remainder when 285 is divided by 89?
18
Calculate the remainder when 236 is divided by 114.
8
Calculate the remainder when 2364 is divided by 64.
60
What is the remainder when 5687 is divided by 24?
23
Calculate the remainder when 139 is divided by 28.
27
Calculate the remainder when 351 is divided by 24.
15
Calculate the remainder when 777 is divided by 20.
17
Calculate the remainder when 44 is divided by 39.
5
What is the remainder when 341 is divided by 179?
162
Calculate the remainder when 1384 is divided by 331.
60
What is the remainder when 659 is divided by 12?
11
Calculate the remainder when 237 is divided by 40.
37
Calculate the remainder when 238 is divided by 16.
14
Calculate the remainder when 575 is divided by 72.
71
Calculate the remainder when 7 is divided by 7.
0
Calculate the remainder when 188 is divided by 27.
26
Calculate the remainder when 648 is divided by 136.
104
What is the remainder when 366 is divided by 116?
18
Calculate the remainder when 73 is divided by 29.
15
Calculate the remainder when 1558 is divided by 23.
17
What is the remainder when 1150 is divided by 69?
46
Calculate the remainder when 953 is divided by 472.
9
What is the remainder when 217 is divided by 13?
9
What is the remainder when 18 is divided by 9?
0
What is the remainder when 159 is divided by 74?
11
Calculate the remainder when 3717 is divided by 61.
57
Calculate the remainder when 1425 is divided by 35.
25
What is the remainder when 127 is divided by 39?
10
Calculate the remainder when 92 is divided by 57.
35
What is the remainder when 428 is divided by 13?
12
Calculate the remainder when 1364 is divided by 451.
11
Calculate the remainder when 319 is divided by 73.
27
Calculate the remainder when 752 is divided by 41.
14
Calculate the remainder when 130 is divided by 5.
0
Calculate the remainder when 88 is divided by 12.
4
Calculate the remainder when 312 is divided by 15.
12
Calculate the remainder when 156 is divided by 45.
21
What is the remainder when 160 is divided by 31?
5
Calculate the remainder when 398 is divided by 50.
48
What is the remainder when 58 is divided by 34?
24
Calculate the remainder when 40 is divided by 10.
0
What is the remainder when 122 is divided by 20?
2
Calculate the remainder when 26959 is divided by 17.
14
What is the remainder when 329 is divided by 11?
10
What is the remainder when 1140 is divided by 42?
6
Calculate the remainder when 1006 is divided by 29.
20
What is the remainder when 2385 is divided by 6?
3
What is the remainder when 9728 is divided by 47?
46
What is the remainder when 2786 is divided by 155?
151
What is the remainder when 1082 is divided by 82?
16
What is the remainder when 820 is divided by 6?
4
Calculate the remainder when 831 is divided by 272.
15
What is the remainder when 21992 is divided by 83?
80
Calculate the remainder when 57 is divided by 6.
3
Calculate the remainder when 1529 is divided by 259.
234
What is the remainder when 431 is divided by 12?
11
What is the remainder when 266 is divided by 17?
11
Calculate the remainder when 2958 is divided by 43.
34
Calculate the remainder when 260 is divided by 72.
44
What is the remainder when 267 is divided by 8?
3
What is the remainder when 1209 is divided by 12?
9
Calculate the remainder when 868 is divided by 10.
8
Calculate the remainder when 2614 is divided by 651.
10
What is the remainder when 22 is divided by 2?
0
Calculate the remainder when 4587 is divided by 10.
7
Calculate the remainder when 2767 is divided by 2762.
5
Calculate the remainder when 778 is divided by 39.
37
What is the remainder when 183 is divided by 56?
15
What is the remainder when 797 is divided by 56?
13
Calculate the remainder when 5709 is divided by 119.
116
Calculate the remainder when 14 is divided by 10.
4
What is the remainder when 590 is divided by 53?
7
What is the remainder when 1017 is divided by 45?
27
What is the remainder when 229 is divided by 45?
4
What is the remainder when 7053 is divided by 85?
83
What is the remainder when 365 is divided by 9?
5
Calculate the remainder when 77 is divided by 9.
5
Calculate the remainder when 4101 is divided by 76.
73
Calculate the remainder when 2112 is divided by 26.
6
Calculate the remainder when 209 is divided by 53.
50
Calculate the remainder when 282 is divided by 50.
32
What is the remainder when 523 is divided by 49?
33
Calculate the remainder when 183 is divided by 38.
31
What is the remainder when 170 is divided by 52?
14
What is the remainder when 118 is divided by 40?
38
Calculate the remainder when 460 is divided by 3.
1
What is the remainder when 1099 is divided by 51?
28
What is the remainder when 4867 is divided by 442?
5
What is the remainder when 1333 is divided by 220?
13
What is the remainder when 105 is divided by 25?
5
What is the remainder when 2007 is divided by 56?
47
What is the remainder when 475 is divided by 11?
2
Calculate the remainder when 6586 is divided by 6582.
4
What is the remainder when 511 is divided by 16?
15
What is the remainder when 656 is divided by 201?
53
Calculate the remainder when 89 is divided by 74.
15
Calculate the remainder when 110 is divided by 26.
6
Calculate the remainder when 614 is divided by 16.
6
What is the remainder when 865 is divided by 13?
7
Calculate the remainder when 585 is divided by 184.
33
Calculate the remainder when 56 is divided by 43.
13
What is the remainder when 1621 is divided by 124?
9
What is the remainder when 1071 is divided by 267?
3
Calculate the